pose -2*m - 5*z = -450, 2*z - 712 + 48 = -3*m. Calculate the highest common divisor of c and m.
20
Suppose -21 = -0*q - q. Let u be q/2*(8 - 6). Calculate the highest common divisor of u and 147.
21
Let m = -58 - -126. Let y be m/1*(-3)/(-4). Suppose 0 = h - 5*a + 8, 4 = 3*h + 5*a - 72. What is the greatest common divisor of h and y?
17
Suppose 4*j - 146 - 162 = 0. What is the greatest common divisor of 7 and j?
7
Let i be (-2)/3 + 4/6. Suppose i = -3*x + 568 - 64. What is the greatest common factor of x and 28?
28
Let y = 6 - 5. Suppose f = 7 + y. Calculate the greatest common divisor of 56 and f.
8
Let k(b) = 2*b - 6. Let x be k(4). Suppose -3*h - 4*j + 64 = -h, 5*h + x*j = 192. Let o = -28 + h. Calculate the greatest common divisor of 84 and o.
12
Suppose 5*f - 8 - 7 = 0. Let y be (14/6 - f)*-39. Suppose -t + 0*b = 5*b - 59, 0 = -b + 4. Calculate the greatest common divisor of y and t.
13
Suppose 40 - 10 = 5*y. Let h(k) = 7*k - 2. Let x be h(y). What is the highest common factor of 8 and x?
8
Let h be ((-36)/(-5))/((-1)/(-5)). Suppose -5*k + 18 = -2. Suppose -k*a + c + 34 = -c, c = a - 8. What is the greatest common divisor of h and a?
9
Let w(z) = z**3 + 6*z**2 - 5*z + 3. Let g be w(-6). Let k = g + -18. What is the highest common factor of 135 and k?
15
Suppose 6*d = d + 25. Let g(b) = 19*b + 1. Let a be g(1). Calculate the greatest common factor of d and a.
5
Let z = 109 + 20. Suppose 4*w - 16 = 0, 0*y - 2*y - 2*w + 378 = 0. Let t = y - z. What is the greatest common divisor of t and 7?
7
Let c be (-6)/4 + (-279)/(-6) + 0. Calculate the highest common factor of c and 15.
15
Let u(k) = 36*k + 2. Suppose -18*z + 13*z + 5 = 0. Let g be u(z). Calculate the highest common divisor of g and 19.
19
Let q = -17 + 69. Suppose 2*s - 8 = 0, -s - 4*s = -4*p - q. Let i = 11 + p. What is the greatest common factor of i and 21?
3
Let o = 4 - 2. Suppose -3*j + 79 = -o. Suppose -3*g = -4*g + 18. What is the greatest common divisor of j and g?
9
Let w(y) = y**2 - 5*y - 5. Let i be w(-3). What is the highest common factor of i and 133?
19
Let t = -214 + 310. Calculate the highest common factor of 16 and t.
16
Suppose 4*f = 3*f - r + 8, 4 = 3*f - r. Let j = -4 - -6. Suppose -7*t + 5*a = -f*t - 25, j*a + 22 = 4*t. What is the greatest common divisor of t and 1?
1
Suppose -120 = -c + 441. What is the highest common factor of 51 and c?
51
Let x = 169 + -85. What is the greatest common divisor of 12 and x?
12
Let a = 17 - 10. What is the greatest common factor of 14 and a?
7
Let s be ((-3)/(-2))/((-9)/12). Let x be 3 - -26 - s/2. Let u = -46 + 56. What is the highest common factor of u and x?
10
Let x = 141 + -74. Let h = -3 + x. What is the greatest common divisor of h and 16?
16
Suppose 0 = -5*h - 2*w + 104, 2*w = h + 4*w - 24. Let z = 1 + 1. Let a be (-2)/((-2)/2)*z. What is the greatest common divisor of a and h?
4
Let l = -12 - -19. Let t(f) = -4*f + 3 + 5*f + 7*f**2 - f**3 - 3*f**2. Let q be t(-3). Calculate the greatest common divisor of l and q.
7
Let m be (-1)/(2 - (-9)/(-4)). Suppose m*o - 40 = -p, -o = -5*p - 2*o + 181. What is the greatest common factor of p and 24?
12
Let z = 333 + -212. Calculate the highest common factor of z and 11.
11
Suppose 6*c - 636 = 2*c. Let r = c + -56. Suppose -d + 3*q + q = -44, 0 = 2*d - 3*q - r. Calculate the greatest common factor of d and 7.
7
Suppose 100 = -3*u - 29. Let v = -29 - u. Calculate the highest common factor of 56 and v.
14
Let c = 73 + -43. Calculate the greatest common divisor of 6 and c.
6
Let p be ((-71)/(-6) - (-12)/72)*2. Calculate the greatest common factor of p and 120.
24
Let o = -19 - -21. What is the greatest common factor of o and 14?
2
Suppose 0 = 12*y - 268 - 164. Calculate the highest common divisor of y and 48.
12
Let j(k) = k**3 - 13*k**2 - 19*k - 11. Let p be j(15). Calculate the greatest common divisor of 22 and p.
22
Let l be 2 + 1 - (-21 - -4). Suppose -f + 3*o + 7 = -2*o, -2*f + 4*o + l = 0. Calculate the greatest common factor of f and 60.
12
Let o(b) = -2*b - 2. Suppose 5*r = 4*q + 31, -q - 4*r = -7*r + 13. Let z be o(q). Calculate the greatest common divisor of z and 3.
3
Let g = 24 - 34. Let v be 2/(-3) + g/(-15). Let r be 1 - v - (6 + -11). Calculate the highest common divisor of 60 and r.
6
Let r(a) = -a + 11. Let p = -8 - 1. Let g be r(p). Let c be (2 + g*1)/1. Calculate the greatest common factor of c and 2.
2
Suppose 9 = 3*y - 2*y. Let i be 5*y*(-2)/(-15). Let t = -94 + 100. Calculate the greatest common factor of i and t.
6
Let y = 303 + -123. Suppose -z - 36 = -3*z. What is the greatest common divisor of y and z?
18
Let w = 5 + -2. What is the highest common divisor of 9 and w?
3
Let c be 1*(-12)/(-21) + (-429)/(-21). What is the greatest common divisor of 21 and c?
21
Let q(z) = -2*z**3 + 21*z**2 - 7*z - 20. Let r be q(10). What is the greatest common divisor of 6 and r?
2
Let t be -49 + (-9)/((-12)/4). Let o = -19 - t. Calculate the highest common divisor of o and 9.
9
Let g(t) = t**2 + t + 2. Let h be g(0). Suppose 37 = 4*l + 2*s - s, -4*l - h*s = -38. What is the highest common divisor of l and 36?
9
Let z(w) = w + 4. Let o be z(-4). Suppose -4*t + 3*t + 20 = o. Calculate the greatest common factor of t and 60.
20
Suppose 4*u + c - 19 = 4*c, -5*c = 2*u + 23. Let a(v) = 4*v. Let p be a(u). Let y = -58 - -62. What is the highest common factor of y and p?
4
Let l be (-14)/(-3)*(-21)/(-14). What is the greatest common divisor of 14 and l?
7
Suppose -i = -0*i - 10. Let c(j) = -13*j + 9. Let z be 9*2/(-3) - 1. Let s be c(z). Calculate the greatest common divisor of s and i.
10
Let l(z) = -z**2 + 11*z - 6. Let o be l(9). Calculate the greatest common divisor of o and 18.
6
Let g be 8 + 8 + 1/(-1). Calculate the highest common factor of g and 10.
5
Suppose -a - 280 = -6*a. Suppose -l + 4 = -4*h, -3*l + 19 = -l + 3*h. What is the highest common factor of l and a?
8
Let q be 0/(2/(-2 + 1)). Suppose 2*d + 4*p = 5*d - 83, q = -d + 5*p + 35. Calculate the greatest common divisor of 25 and d.
25
Let r(v) = -v**3 + 2*v**2 - 2*v - 1. Let w be r(2). Let p = w - -8. Suppose 3*k = 12 - p. Calculate the greatest common divisor of 21 and k.
3
Let p = -8 - -14. Let h be 2/(-5)*10*1. Let b be (-71)/h + (-1)/(-4). Calculate the highest common factor of b and p.
6
Suppose 11 = -4*m + 63. What is the greatest common factor of m and 52?
13
Suppose 0 = -3*s - 2*t + 252, 5*s = s + 4*t + 336. Suppose -4*q = -s - 136. Calculate the highest common divisor of 5 and q.
5
Let h(c) = -c + 6. Let l be h(5). Let i(r) = 73*r**3 - 1. Let y be i(l). Let k = -8 - -16. What is the highest common divisor of y and k?
8
Suppose 5*x = -q + 133, -q = x - 7 - 22. Suppose a - x = 26. What is the highest common divisor of 13 and a?
13
Suppose 5 = f - 13. Calculate the greatest common factor of 27 and f.
9
Suppose 0 = -f + 2*f - 6. Let n = f + -5. Calculate the greatest common divisor of n and 1.
1
Let w(k) = -k**3 - 6*k**2 - 6*k + 7. Let b be w(-5). What is the greatest common divisor of 108 and b?
12
Let o(v) = -2 + 0*v**3 + v**3 + 2*v**2 + v**2 - 5*v. Let c be o(-4). Suppose 0 = -c*w + 4 + 24. Calculate the greatest common divisor of w and 21.
7
Suppose -2*l + 4*l - 5*d - 6 = 0, l - 4*d = 6. Let q be ((-8)/10)/(l/20). What is the highest common divisor of q and 40?
8
Let s(n) = -8*n + 1. Let d be s(-1). Calculate the highest common factor of d and 6.
3
Suppose -5*h + 13 = 3. Calculate the highest common divisor of 6 and h.
2
Suppose 2*p + 7 = 5*c - 58, -3*p - 45 = -4*c. Let b(h) = -h**3 - 3*h**2 - 3*h - 6. Let g be b(-6). What is the highest common factor of c and g?
15
Let v(d) = d**3 + 12*d**2 - d - 6. Let a be v(-12). Let y be 0 + 1 + 2/(-2). Suppose 5*n = -y*n + 60. What is the highest common factor of a and n?
6
Let x be (48/20 - 2)*210. What is the greatest common factor of 14 and x?
14
Let h(y) = y**2 + y + 7. Suppose 0 = -0*v + 2*v - 8, 2*f = -2*v - 6. Let r be h(f). Calculate the greatest common factor of 7 and r.
7
Suppose -62 = -i - 3*g, i - 19 - 27 = 5*g. Suppose l - 4*l + 10 = p, i = 4*p + 4*l. Calculate the greatest common divisor of 32 and p.
16
Let g = 10 + 10. Calculate the greatest common divisor of 20 and g.
20
Let k(q) = 5*q**2 - q. Let d be k(1). Let b be 145/15 - d/6. What is the highest co